ommon factor of 10881 and 26991576.
837
What is the highest common divisor of 108145835 and 35?
35
Calculate the greatest common divisor of 8432 and 6206224.
272
What is the greatest common divisor of 1070368 and 23095?
31
What is the highest common divisor of 330966 and 168888?
1362
Calculate the greatest common factor of 149552 and 326840144.
11504
Calculate the highest common divisor of 104 and 70209672.
104
Calculate the greatest common factor of 8700928 and 609.
29
Calculate the highest common divisor of 421566125 and 17925.
5975
What is the greatest common divisor of 1460 and 145035305?
365
What is the highest common factor of 33830 and 390490?
170
What is the greatest common divisor of 4890 and 1693896?
978
Calculate the highest common factor of 278318425 and 1925.
1925
What is the greatest common divisor of 27941231 and 749?
107
What is the greatest common divisor of 18676094 and 27207?
3023
Calculate the highest common divisor of 2481 and 188920707.
2481
What is the highest common divisor of 318070440 and 160?
40
What is the greatest common divisor of 150 and 7957725?
75
What is the greatest common factor of 192 and 3016817184?
96
Calculate the greatest common factor of 274981 and 1138718.
1141
Calculate the greatest common divisor of 4912 and 612848.
16
Calculate the highest common factor of 40 and 314354.
2
What is the highest common divisor of 31748850 and 6300?
3150
Calculate the highest common divisor of 2266 and 11514679.
1133
Calculate the greatest common factor of 106535 and 580307.
13
Calculate the greatest common divisor of 3276 and 1011465.
819
Calculate the highest common divisor of 92960 and 94205.
415
What is the highest common factor of 6077001 and 126?
21
What is the highest common factor of 224599620 and 9700?
1940
Calculate the highest common divisor of 709590 and 662780.
310
Calculate the highest common factor of 54343 and 9083.
31
Calculate the greatest common factor of 43710 and 356562.
186
What is the highest common divisor of 11773944 and 44928?
2808
Calculate the greatest common factor of 15136 and 98794564.
1892
What is the greatest common divisor of 120754 and 70584?
346
What is the highest common factor of 86459 and 26367206?
2789
What is the highest common factor of 1518457 and 87173?
179
What is the highest common factor of 9989 and 3019464931?
9989
Calculate the greatest common factor of 912712 and 328.
8
What is the highest common divisor of 23376 and 38128?
16
What is the highest common factor of 518 and 9632950?
74
What is the greatest common divisor of 8871793 and 245?
49
Calculate the greatest common divisor of 4 and 5705216.
4
What is the highest common divisor of 133466 and 128?
2
What is the highest common factor of 578136 and 948?
12
Calculate the greatest common divisor of 1576 and 1121144.
8
Calculate the highest common factor of 432 and 11524176.
144
What is the highest common factor of 348492 and 2294496?
3084
Calculate the highest common factor of 4473064 and 232.
8
Calculate the highest common divisor of 646872043 and 57.
19
Calculate the highest common factor of 619642 and 470726.
1262
What is the highest common factor of 111 and 415749?
3
Calculate the greatest common divisor of 156701178 and 2988.
1494
Calculate the greatest common divisor of 32 and 825464.
8
What is the highest common divisor of 64 and 1465713472?
64
What is the highest common divisor of 1703956196 and 23?
23
Calculate the highest common factor of 582361 and 9841.
13
Calculate the greatest common factor of 10845 and 431741619.
2169
Calculate the highest common factor of 2964 and 7278596.
988
What is the highest common factor of 124849 and 8987?
19
What is the greatest common divisor of 13720 and 264660?
20
What is the greatest common divisor of 3638689 and 1487?
1487
What is the greatest common factor of 1276900 and 900?
100
Calculate the greatest common divisor of 64834 and 397339800.
9262
What is the greatest common divisor of 196199160 and 4440?
4440
Calculate the greatest common divisor of 2793152 and 20976.
304
Calculate the greatest common divisor of 1830246 and 583704.
726
Calculate the highest common factor of 467790 and 261330.
930
Calculate the greatest common factor of 3044952 and 40640.
1016
What is the highest common factor of 3346 and 23758990?
478
Calculate the greatest common factor of 468334 and 14.
2
What is the highest common factor of 5445 and 1033553565?
5445
What is the greatest common divisor of 8432 and 13787?
17
Calculate the highest common divisor of 57551 and 158.
1
Calculate the highest common divisor of 6471959 and 377.
377
What is the greatest common divisor of 9581 and 2963142?
871
What is the highest common divisor of 29050 and 565005?
35
Calculate the highest common divisor of 7856 and 306144.
16
Calculate the greatest common divisor of 4324 and 207023.
23
What is the greatest common divisor of 344 and 90151736?
344
Calculate the greatest common divisor of 3373607 and 4427.
233
Calculate the highest common factor of 20592 and 52178841.
1287
Calculate the greatest common factor of 10149 and 2077560.
597
Calculate the highest common divisor of 2810007 and 33390.
477
Calculate the greatest common divisor of 206245744 and 22304.
656
What is the highest common divisor of 3652 and 4120468?
44
Calculate the highest common divisor of 140 and 635362.
14
What is the greatest common factor of 825924 and 330?
66
What is the greatest common divisor of 10 and 9161160?
10
What is the highest common divisor of 27811 and 822962?
203
What is the highest common divisor of 375 and 13003675?
25
Calculate the highest common divisor of 1130 and 3060266.
226
Calculate the highest common divisor of 3189 and 7718443.
1063
What is the greatest common factor of 18240 and 3114816?
192
Calculate the highest common factor of 48195 and 4002579.
63
What is the highest common divisor of 3420 and 192027870?
1710
What is the highest common divisor of 653505 and 366035?
95
What is the greatest common factor of 4926 and 10655759?
821
What is the greatest common factor of 9435 and 5224770?
555
What is the greatest common divisor of 1590 and 182537565?
795
Calculate the highest common factor of 300 and 38143725.
75
Calculate the greatest common divisor of 304416 and 3168.
288
What is the highest common divisor of 708 and 100273804?
236
What is the highest common factor of 257696 and 128?
32
What is the greatest common divisor of 5099654 and 2656234?
7882
Calculate the greatest common divisor of 122 and 65686142.
122
What is the highest common factor of 693 and 1046934?
63
What is the greatest common factor of 48 and 29520672?
48
Calculate the highest common divisor of 2250 and 66541750.
250
What is the highest common divisor of 46680623 and 21155?
4231
What is the greatest common divisor of 4374 and 161254071?
2187
Calculate the greatest common divisor of 120698687 and 1403.
1403
What is the highest common divisor of 14050 and 8888000?
50
Calculate the highest common divisor of 105 and 208714947.
21
What is the highest common factor of 315 and 255575?
5
What is the highest common factor of 65208 and 150575304?
5016
Calculate the greatest common divisor of 190460 and 172660.
1780
What is the highest common factor of 24206 and 67271438?
494
What is the highest common divisor of 640064979 and 1413?
1413
What is the greatest common divisor of 9671153 and 6712?
839
What is the greatest common divisor of 117563071 and 1618?
809
Calculate the greatest common divisor of 1017 and 2068352.
113
What is the greatest common factor of 80 and 13850?
10
What is the highest common factor of 455 and 60491613?
91
What is the highest common factor of 117952 and 163348?
388
Calculate the highest common divisor of 1114698 and 298728.
2766
Calculate the greatest common factor of 18956062 and 148.
74
Calculate the greatest common factor of 166 and 232502671.
83
Calculate the greatest common divisor of 2476452 and 594.
66
Calculate the highest common divisor of 33623314 and 652.
326
What is the highest common factor of 172905 and 180?
15
Calculate the greatest common factor of 154 and 126377244.
14
What is the highest common factor of 4557 and 2309664?
147
What is the greatest common divisor of 12 and 2626604?
4
Calculate the greatest common divi